 - 284/n)*11.
2, 7, 11
List the prime factors of ((-209696)/12)/(5*18/(-270)).
2, 6553
Let u(a) = -a + 3. Suppose 4*w - 6 + 2 = 0. Let z be u(w). List the prime factors of -5 - -3 - z - -17.
13
What are the prime factors of 10968 + 2 - 585/65?
97, 113
Let v(j) = -35*j - 1007. List the prime factors of v(-57).
2, 13, 19
Let g(j) = 138*j**2 + 12*j + 15. List the prime factors of g(-11).
3, 5527
List the prime factors of (4 - 5/1) + 9/(153/467551).
2, 13751
Let z be ((-685)/(-20) + 1)/(3/16). Let x(p) = -11 + 4*p**2 - 94*p - 96*p + z*p. What are the prime factors of x(7)?
3, 19
Let q = 183 + -173. Suppose 0 = -7*s - q*s + 68. What are the prime factors of s?
2
Let p = 97434 + -64225. List the prime factors of p.
11, 3019
Let l(f) be the first derivative of -13*f**2 - 6*f + 1. Suppose -5 = y, 3*o - 18*y + 27 = -21*y. What are the prime factors of l(o)?
2, 7
Suppose -766 = 2*k - 5*t - 17658, 5*k = t + 42230. List the prime factors of k.
2, 41, 103
Let s be (-132)/(-3)*(-16)/32. Let u(i) = -i**3 - 22*i**2 - 11*i + 4. List the prime factors of u(s).
2, 3, 41
Let t(j) = -j - 13. Let y be t(-13). Suppose p + 3*v - 3 = 2*v, 4*p - v - 7 = y. Suppose -p*k + 148 = -98. List the prime factors of k.
3, 41
Suppose -u - 18275 - 400 = -c, -2*c = -4*u - 37342. List the prime factors of c.
18679
Let z(w) = -2*w**2 + 11*w - 22. Let g be z(6). Let a = g + 47. Suppose 23*q = a*q + 224. What are the prime factors of q?
2, 7
Suppose 0 = 3*g, -2*l + 5*g = 2334 - 25060. List the prime factors of l.
11, 1033
Suppose 1 = -3*d + 4, -4*k + 1649 = 5*d. Let y = k + 115. List the prime factors of y.
2, 263
Let t = 13353 + -1905. List the prime factors of t.
2, 3, 53
Suppose 9*u - 4*w - 67 = 4*u, 2*u - 4*w - 34 = 0. Suppose -3*n = -17 + u. Suppose 3*v - 101 = n*v. List the prime factors of v.
101
Let k be (-16 + -1544)*(-9)/12. Suppose -5*d - k = -10*d. What are the prime factors of d?
2, 3, 13
Suppose -8*b = -3*b - 20. Suppose -704 - 1445 = -5*g + 4*d, -g = 4*d - 425. Suppose h + g = b*h. What are the prime factors of h?
11, 13
Let x be 10/(-4) + (-46)/(-4) + -11. List the prime factors of (17/(-136))/(x/16) + 1097.
2, 3, 61
Let l(m) = -23*m - 21. Suppose 3*p = -15, 2*b + 2*p = -2*b - 10. Suppose 4*c = -3*h - b*c - 34, -5*h - 18 = -3*c. What are the prime factors of l(h)?
3, 13
Let n = 309 - 299. List the prime factors of (-12)/(-15) + 3562/n + 1.
2, 179
Let p be (-1)/((26/104)/(62/(-8))). Let f = 27 + -19. Let i = p + f. List the prime factors of i.
3, 13
Suppose 5*d - 10 = 0, -2*d + 13 = 3*t - 3*d. What are the prime factors of 11/(3/(-18)*(-10)/t)?
3, 11
Let m(o) = -822*o - 175. List the prime factors of m(-2).
13, 113
Let q(v) = -2*v**3 + 31*v**2 - 15*v + 4. Let x be q(15). Suppose 0 = x*u - 758 - 670. List the prime factors of u.
3, 7, 17
Suppose 3*b + 5217 = -3*w, 7*b - 4*b + 3473 = -2*w. What are the prime factors of 54/(-99) - w/11?
2, 79
Let u(x) = -x**2 + 4*x + 6. Let v be u(-4). Let y = -14 - v. Suppose -3*r = y, 112 = j - 4*r + 12. List the prime factors of j.
2, 3, 7
Let l = -76 - -79. Suppose -l*k - 5*x = 394, -2*x + 5 = 3*x. Let h = 218 + k. What are the prime factors of h?
5, 17
Let m be (4/2)/((-6)/75). Let y be -1*((-5145)/75 + (-4)/10). Let k = y - m. List the prime factors of k.
2, 47
Let g(n) = 7*n**2 + 83*n - 5831. What are the prime factors of g(88)?
55681
Suppose 4*o + 4*z + 516 = 0, -5 - 3 = -2*z. Let g = -14 - o. What are the prime factors of g?
7, 17
Let w = -138 + 128. Let l(y) = 2*y**3 + 22*y**2 + 31*y + 4. Let v be l(w). Let h = v - -123. What are the prime factors of h?
17
What are the prime factors of (-1 - (-65)/39)/((-2)/(-15705))?
3, 5, 349
Suppose 3*y + o = 42371, y + 9*o - 28289 = -y. List the prime factors of y.
2, 23, 307
Let x(g) = g**2 + 5*g - 12. Let j be x(-7). Let c(l) = 11 + 0 + 4*l**2 + 3*l**j + 1. List the prime factors of c(3).
3, 5
Let n be (34 + 4 + -4)/(-2). Let x be (15/10)/(-3)*(-1 - n). Let i = 145 + x. What are the prime factors of i?
137
Let r(m) = 2*m**3 + 5*m**2 - 12*m + 7. Let n be r(5). Suppose -2510 = -16*h + n. What are the prime factors of h?
3, 59
Let m(n) = -17*n**3 - 2*n**2 + 14*n + 74. What are the prime factors of m(-7)?
3, 11, 173
List the prime factors of 4/26 + 952/(-442)*(-39070)/8.
67, 157
Let p(z) = 2*z**2 - 9*z + 10. Suppose -5*v + 9 + 11 = 0. Let l be p(v). Suppose 4*w = -3*d + 261, 0 = -3*d - l + 3. List the prime factors of w.
2, 3, 11
Let c(k) be the third derivative of -k**5/60 + k**3/6 - 8*k**2. Let n(o) = -7*o**2 - 7*o - 6. Let i(w) = 4*c(w) - n(w). List the prime factors of i(-4).
2, 3, 5
Let l(n) be the third derivative of n**5/15 + n**4/4 - 7*n**3/6 + 206*n**2. List the prime factors of l(-5).
3, 7
Let t(b) be the third derivative of b**6/120 + b**5/20 + 377*b**3/6 + 24*b**2. What are the prime factors of t(0)?
13, 29
Suppose -5*y + 10 = -0. Suppose -2*r - 8 = -2*m, y*r = -r - 5*m + 12. List the prime factors of (651/7)/(2 - r).
31
Suppose 9 = -4*t - 5*g, -5 = 3*g + 10. Let x(r) = 26*r**2 - 124*r + 10. Let a be x(5). Suppose -t - a = -u. List the prime factors of u.
2, 11
Let s be ((-54)/30 - -1)*-30. Let g be ((s/(-9))/2)/(6/(-18)). Suppose g*a + 1274 = 18*a. List the prime factors of a.
7, 13
Let d = 24 - 14. Suppose -3*p + 3*x + 29 = -1, 5*p - d = -5*x. Suppose p*g - 3*g = -5*r + 691, -1127 = -5*g + 4*r. List the prime factors of g.
227
Let f(m) = 1 - m**3 - 2141*m + 2131*m + 7*m**2 + 9. Let k be f(8). Let r = 99 - k. What are the prime factors of r?
233
Suppose -10 = -6*u + 2. Suppose -3*k = 2*c - 8, 3*k - 18 = -u*k - c. Suppose k*f - 5*f + 21 = 0. What are the prime factors of f?
3, 7
Let n(d) = -1446*d - 968. What are the prime factors of n(-3)?
2, 5, 337
Suppose -22139 = -20*n + 78141. List the prime factors of n.
2, 23, 109
Suppose 4*d - 157 = -2*c + 613, 0 = 5*d + c - 961. List the prime factors of (8/(-3))/(-5 + 958/d).
2
Suppose 3*h = -4*r + 1700, 0 = 2*r - 0*r - 5*h - 850. Let i = 907 - r. What are the prime factors of i?
2, 241
Let a = 2189 + 24835. List the prime factors of a.
2, 3, 563
List the prime factors of (-42)/(-12)*(-270416)/(-28).
2, 16901
Suppose -2*k = 2*f + 14, 4*f + 2*k = -0*k - 32. Let i(l) = 19*l + 51. Let m(r) = 39*r + 113. Let t(q) = -7*i(q) + 3*m(q). List the prime factors of t(f).
2, 3, 7
Suppose 16 = -4*c, 33 = -0*b + 5*b - 2*c. Suppose 0 = b*m + 3*r - 68, 3*m - 6*m + 3*r = -60. List the prime factors of m.
2
Let n = 2982 + -5806. Let u = -1261 - n. Suppose -12*c + 489 + u = 0. List the prime factors of c.
3, 19
Let b be 26/(-1)*(-4 + (-18)/(-3)). Let g = 10 - 6. Let u = g - b. What are the prime factors of u?
2, 7
Let z be 24*(3 - 46/8). Let r = z + 297. What are the prime factors of r?
3, 7, 11
Let n(r) = r**3 + 24*r**2 + 34*r + 1047. List the prime factors of n(-22).
7, 181
Suppose -37075*o + 434568 = -37056*o. What are the prime factors of o?
2, 3, 953
Let v(y) = -y**2 + 13*y + 81. Let p be v(18). Let w(b) = 7*b**2 + 17*b + 44. List the prime factors of w(p).
2, 229
Let t = -471 - 44. Let d = -299 - t. What are the prime factors of d?
2, 3
Let a(x) = -2*x - 6. Suppose -b + d = -4 + 5, 4*b = d + 8. Suppose b*o + 25 = y, -2*o - 2*y - 38 = 3*o. List the prime factors of a(o).
2, 5
Let f(a) = 33*a + 30. Let q = 63 - 56. List the prime factors of f(q).
3, 29
Let u = -106018 + 161270. List the prime factors of u.
2, 19, 727
Let z(k) = 296*k**2 - 4*k + 4. Let w be 1 - -3 - (1 - -2). List the prime factors of z(w).
2, 37
Suppose 37*p + 287 = -1378. Suppose 271 = 5*s - 384. Let l = s + p. What are the prime factors of l?
2, 43
Suppose -a = 4*b - 1984, a + 4*b = 5*b + 2009. Let q = -969 + a. What are the prime factors of q?
3, 5, 23
Let t = 174 + -277. Let z = 84 + t. Let d = z + 151. What are the prime factors of d?
2, 3, 11
Let o be (-2)/13 + (8 - (-368)/26). List the prime factors of (-11)/o + (-3502)/(-4).
5, 7
Suppose 484 = -5*k + 4*o, -6*o = -5*k - 7*o - 479. Let d = 616 + k. List the prime factors of d.
2, 5, 13
Let h = 9127 + -6268. What are the prime factors of h?
3, 953
Let l(y) = -3331*y - 1881. List the prime factors of l(-4).
11443
Suppose -7 = -0*x - 5*x - 2*r, 3*x - 2*r - 17 = 0. Let g(p) = -p**2 - 21 + 57 - p**3 - 24 + 70 + x*p. What are the prime factors of g(0)?
2, 41
Let w(u) = -u**3 - 5*u**2 + 6*u + 8. Suppose -21*v - 6 = -20*v. Let m be w(